 11 + -46 - (56 - 94).
3
Calculate 20 + (-34 - -27) + 2.
15
What is -10 + -18 + 42 - 33?
-19
Calculate (6 - (6 - (-3 + 3))) + (4 - 1).
3
What is (-47 - 10) + 48 - (-19 - 1)?
11
Calculate -19 + (-25 - -32) + 12.
0
Evaluate -2 + 2 + 0 + -186 + 175.
-11
Calculate -8 - ((-6 - -19) + 1 + -8).
-14
What is -13 + 20 - 20 - 2?
-15
(2 + 2 - (-4 - -9)) + 0
-1
Evaluate (16 - (-1 - (7 - 14))) + 3 + -6.
7
Evaluate -26 + (5 - 7) - -19.
-9
Calculate (-10 - (-1 + 2 + 0)) + 9.
-2
Calculate (0 - -13) + 389 + -372.
30
What is -14 + 30 + -42 - (3 + -6 + 3)?
-26
Calculate -8 + -3 + 3 + -10 + 10.
-8
Calculate (-4 - (-6 + -2)) + (-7 - -5) + 12.
14
What is 120 - 85 - (34 - 3)?
4
(0 + -3 + 1 - 0) + -1283 + 1278
-7
Evaluate (8 - 22) + 25 - (-1 + -1) - -11.
24
What is (13 - 3) + (-1 - (23 + -33))?
19
Evaluate (-24 - (-24 - -23)) + 0.
-23
What is the value of 25 + 0 + -20 + 2 + -1?
6
What is (-9 + 23 - (-34 + 12)) + -13?
23
Calculate (1 - (2 + 4)) + (63 + 9 - 42).
25
What is -10 - (-1 - 8 - (39 + -43))?
-5
Evaluate 4 + (-7 - (-9 + 15)) + 10.
1
What is the value of -14 - ((-6 - 1) + (1 - -1) + 11)?
-20
What is the value of -1 - (11 + (3 + -5 - -1))?
-11
Calculate (15 - 1) + (-1 + (-5 - -1) - 0).
9
Evaluate 1 + (-4 - -2) + (-34 - (-67 - -37)).
-5
What is the value of (-42 - -36 - (-3 + -5)) + (-1 - -17)?
18
What is -1 + 0 + (15 - 16)?
-2
What is the value of -1126 + 1110 + -2 + 2 + -3?
-19
Evaluate -11 + -6 + -2 - -20.
1
Evaluate (-2 - 0) + -1 + 6 + (51 - 56).
-2
Evaluate -17 + (9 - (-1 + -12)).
5
What is the value of 15 + -6 - (-4 - -8)?
5
Evaluate 12 - 13 - (4 - (5 - -1)).
1
What is -14 - (-12 - 10) - 17?
-9
Evaluate -7 + (15 + -3 - 9 - -6 - 14).
-12
-1 + -3 - (101 + -47 - 85)
27
What is 6 + (2 - (-4 + (0 - -5))) + -6?
1
Evaluate 2 + -3 + -6 + 9 + 10.
12
Calculate -4 + (-2 - -19) + -6.
7
Calculate -6 - (-3 + (-22 + 10 - -10)).
-1
What is -5 + (24 - (20 - 12))?
11
What is (13 + -12 - 1) + -11?
-11
Calculate -14 - -8 - (4 + 0).
-10
What is -29 - ((10 - (37 + -21)) + 3 + 2)?
-28
Evaluate -15 + -29 + 26 + 27.
9
Evaluate 0 - (-5 + (-4 - 5) + 20) - -19.
13
-107 - -101 - (7 + 3)
-16
What is 4 + -5 + -9 + 20 + 2?
12
Calculate -2 + (0 - 3 - -9) + -12.
-8
What is 6 + (8 + -1 - (7 - 5))?
11
What is -8 - (2 + 0 + (5 - (12 + -10)))?
-13
What is the value of -2 + (3 - (5 - (4 - 2))) + -9?
-11
98 + -105 + -3 + 1 + 0
-9
Evaluate -16 - (-6 - -4 - (-1 + -1)).
-16
What is -6 - ((-7 - -1) + 4 - 7)?
3
What is the value of (0 - 18) + (16 - 8) + 23?
13
Evaluate (-7 - -4) + 8 + 4 + -5 + 24.
28
Calculate (1 - (-1 + 3 - 14)) + 10 + -3.
20
Evaluate 26 - (2 + (-4 - 0)) - (2852 + -2850).
26
17 + 0 - 4 - (-12 - -20)
5
Evaluate -3 + (1 - 2) + -29 + 37 + -32.
-28
Calculate -14 - (13 + -15 - (-13 + 6)).
-19
Evaluate 24 - (-1 + 2 - -3 - (17 + -17)).
20
Calculate -5 + (-3 - -16) + (44 - 20).
32
What is 26 - -3 - (-597 + 631)?
-5
What is -2 - (7 - (16 - -8))?
15
What is the value of (5 + -9 - 19) + (-45 - -57)?
-11
Evaluate (-109 - -102) + (-1 - 7).
-15
Evaluate (-50 - -47) + 0 + 4 + -33 + 60.
28
(-4 - 6) + 4 + 1 + 24
19
Evaluate -2 - (3 - -7 - 2).
-10
Evaluate (-13 - -5) + 35 + -4.
23
What is -20 + (-25 + 6 - -24)?
-15
(11 - 6) + -9 - (-3 - -3 - 16)
12
-9 - ((-25 - -39) + -23 + (4 - -2))
-6
Calculate (-33 - -4) + (-92 - -109).
-12
Calculate 7 - (47 + -51 - (-1 + -1 + -4)).
5
Evaluate 5 + (14 - (42 + -13)).
-10
Evaluate -4 + -18 + 7 + -9.
-24
Calculate -24 - (-6 - -10 - 11).
-17
-6 + (-8 + 4 - -13) + 4
7
Evaluate (-10 - -2) + (-12 + 21 - (6 - 27)).
22
What is the value of 13 - (-3 - (-7 - 13)) - -7?
3
(14 - 43) + 18 - (1 - 0)
-12
2 + (0 + 1 - 5) + -2
-4
What is the value of -9 - (-22 - (-14 - 3))?
-4
Calculate 49 - 19 - (-1 + 14).
17
Calculate -11 - (2 + -17 + -6 + 12) - 3.
-5
-26 + (-16 - -12 - 0 - -5)
-25
Evaluate (1 - 3 - -11 - 4) + -16 + 1.
-10
Evaluate 2 - (31 - (11 + 8)).
-10
Calculate -1 + 3 + -19 + (7 - (16 - 15)).
-11
Evaluate (-27 - (24 - 39)) + 11.
-1
(696 - 708) + (5 - 0)
-7
Evaluate 0 + (-17 - -17) - ((-1 - -12) + 2).
-13
What is the value of 3 + -1 - (55 - 44) - 14?
-23
-3 - (-6 + (-13 - -8) + (0 - 0))
8
(-37 + 29 - (-7 + 1)) + (1 - -4)
3
What is the value of -2 + 0 - ((-34 - -20) + 2 + 6)?
4
What is (-6 - 1) + (16 - (14 - 0))?
-5
Calculate 6 + 0 + (5 - (6 + -2)) + -6.
1
Calculate 11 - (-2 - (2 + 10 + 12) - -9).
28
What is the value of 13 - (-2 + (10 - -7))?
-2
What is -31 + -6 - (-15 + -1)?
-21
Calculate -2 - -2 - (2 - -2) - (-74 + 84).
-14
Evaluate -16 - (1 - (-11 + 4 - -3)).
-21
Evaluate -7 + (4 + -9 - -10) - (-3 + 16).
-15
Calculate 0 - (6 - -1 - 8).
1
Evaluate 9 + -4 - -12 - 10.
7
What is the value of (5 - 8 - 2) + (-6 - (4 + -2))?
-13
What is 12 - (1 + 16) - (23 - 9)?
-19
Calculate (-14 - -1 - -2) + (-85 + 53 - -56).
13
What is 89 + -103 - (-15 + 3 + -2)?
0
Evaluate 7 + 2 + 10 + (-23 - -23).
19
Evaluate 0 + 2 - ((-3 - -2) + -3 + 6).
0
What is (-2 - 2) + 14 + 5 + -4?
11
-4 + (6 + -9 + 20 - 9)
4
What is (-1 - 0 - 0) + -202 + 196?
-7
What is the value of 3 - 0 - (-2 + 1) - -1?
5
44 - 1 - (1427 - 1415)
31
Calculate -31 + 26 + -11 + 13 + -21 + 3.
-21
Evaluate -3 + (5 - (-1 + 19)).
-16
What is -16 + 3 + 0 + 25 + -21?
-9
Evaluate (10 - -1) + -13 + 53 + -42.
9
Evaluate (19 + -15 + -3 - (1 - -4)) + 25.
21
What is the value of 11 - (1 - (1 - (1 + 5) - -2))?
7
(1 - 36) + 6 + -29 + 24
-34
What is the value of (-3 - 21 - (-10 + 16)) + 9 + -4?
-25
What is 9 - -5 - (-40 + 32)?
22
What is 11 + 0 - (5 - 5)?
11
-71 + 61 + (13 - -4) - (-1 - 5)
13
What is 21 + -27 + (0 - 1) - 8 - -5?
-10
Calculate 0 + (2 - ((-26 - -23) + 0 + 1)).
4
19 + (48 + -47 - (-9 - (2 + -3)))
28
1 + (2 - 2) - 4 - -3
0
What is the value of 26 + (8 + -29 - -7)?
12
Evaluate -3 + 10 + (3 - (0 + 10)) + 16.
16
What is the value of 285 - 294 - (1 - 18)?
8
What is the value of (4 - (3 + -2)) + 212 + -195?
20
What is the value of -25 + -13 + 17 - -15?
-6
What is the value of -3 + 18 + -7 + 1 - (23 + -2)?
-12
Calculate -6 - (-7 - -4) - (12 - (-9 - -11)).
-13
Calculate -8 + (-2 - -12) + -17 + 7.
-8
Calculate (3 + -5 - 4) + (3 - -4).
1
Evaluate -12 + (-9 - -12) - -7.
-2
-3 + (-7 + (4 + -2 - 0) - -5)
-3
What is the value of (-30 - -8) + 34 + 5 + -7?
10
16 - 15 - 0 - 4
-3
Calculate 0 - (-2 - -16 - 16).
2
Evaluate (6 - 20) + (12 - 6) + -4.
-12
What is the value of (0 - 2) + (275 - 276) - (-8 - 0)?
5
Calculate (-5 - -19) + 2 + -5 - 10.
1
What is -7 - (-6 + (-6 + 5 - 2))?
2
Calculate (-2 + -6 - (10 - 16)) + 12 + -3.
7
-41 - -13 - (-12 - 15)
-1
Evaluate -22 - -21 - 6 - 13.
-20
What is (-5 - -14 - 11) + 4 + (5 - -7)?
14
What is the value of 53 + -12 + -13 - 32?
-4
-163 - -147 - (-7 - -11)
-20
What is the value of -14 + 22 - (16 + -5)?
-3
(-2 - (29 + -25)) + -1 + 1 + 2
-4
Calculate (4 - (7 + (-7 - 3)) - -5) + -5.
7
-29 + 12 + 33 - 7
9
Evaluate 19 - (20 + 5) - -31.
25
Evaluate (4 + -1 - 9) + 8 + (-11 - -1).
-8
Calculate 11 - 2 - (-27 - -13).
23
What is -2 - 3 - (4 + -19 + 1 + 3)?
6
16 - (-57 - -34) - 28
11
50 + -37 - (-5 + 20)
-2
What is -37 + 66 - (-4 + 15)?
18
What is the value of 18 + (-3 - (-2 - -16))?
1
Calculate -4 + (-18 - -34 - (-1 + 2)).
11
What is (-15 - -7) + 10 - 14?
-12
-1 + 10 - (-29 - -70 - 30)
-2
What is the value of -30 + (20 + 35 - 23)?
2
3 + (2 - (0 - -7 - 1)) + -2
-3
What is the value of (572 - 581) + -11 + -2?
-22
Evaluate 35 + -52 - (-8 + 3).
-12
-25 - (7 - 45) - (-2 - -1)
14
What is the value of (3 - (-17 + 26)) + 4?
-2
What is 21 - ((-2 - -13) + 0)?
10
What is the value of (-54 - -66) + 2 + -6 + -2 + -2?
4
Evaluate (-25 - -8 - -22) + -15.
-10
What is the value of (34 - 25) + 24 + -30?
3
What is the value of -16 + (-2 - (-3 - -6)) + (-8 - -15)?
-14
Calculate 12 + (15 - (-9 - -29)).
7
What is the value of (-3 - (-3 + 2)) + -2 - (3 + 7)?
-14
What is 5 + (-6 + 2 + 1 - (4 + -8))?
6
Evaluate (-4 - 2) + (-50 - -44) + 10.
-2
What is 4 + (20 + -14 - -8 - 22)?
-4
Evaluate -7 - ((-32 - -16) + 10).
-1
What is the value of 0 + ((-1 - 4) + 1 - -11)?
7
What is the value of (2 - (3 + (6 + -5 - -1))) + 14?
11
Evaluate 8 - (-6 - (-9 + 11) - -10).
6
What is the value of 22 + (-28 - -36 - 6)?
24
What is 10 + -46 + 11 + -1 + 4?
-22
What is the value of -3 - (4 + (14 - 15))?
-6
What is the value of 8 - (26 - (19 + 1))?
2
What is (-7 - (-14 - 5)) + (10 - 38)?
-16
Evaluate -11 + (133 - 101 - (-1 + -20)).
42
(-5 - (-35 + 17)) + (0 - 5) + -1
7
What is 